st common factor of 258304 and 1792?
256
Calculate the highest common factor of 429 and 611.
13
What is the greatest common divisor of 12882 and 12312?
114
What is the highest common divisor of 84 and 24?
12
What is the greatest common factor of 2163 and 63?
21
What is the greatest common factor of 12177 and 12393?
27
Calculate the greatest common divisor of 108126 and 36.
18
Calculate the highest common factor of 371 and 20197611.
371
What is the greatest common factor of 2 and 271178?
2
What is the greatest common factor of 812 and 13909?
7
What is the highest common divisor of 100 and 466150?
50
Calculate the highest common divisor of 8957 and 150202.
689
Calculate the highest common divisor of 120 and 195.
15
What is the greatest common factor of 148 and 26270?
74
What is the highest common divisor of 5246 and 33454?
86
Calculate the greatest common factor of 190 and 3305.
5
What is the highest common divisor of 21495 and 2145?
15
Calculate the highest common divisor of 196383 and 363.
363
Calculate the highest common factor of 434946 and 1278.
426
Calculate the greatest common divisor of 202972 and 616.
308
Calculate the highest common divisor of 5238 and 801.
9
What is the greatest common factor of 8712 and 32904?
72
What is the highest common factor of 14965 and 6560?
205
Calculate the highest common divisor of 1040931 and 2343.
213
What is the highest common divisor of 1422728 and 16?
8
What is the highest common divisor of 275880 and 8349?
363
Calculate the greatest common divisor of 5060734 and 14.
14
What is the highest common divisor of 14 and 1279411?
7
What is the greatest common divisor of 25 and 941075?
25
What is the highest common factor of 160 and 11248?
16
Calculate the highest common divisor of 28 and 50772.
4
What is the highest common divisor of 22 and 166991?
11
What is the highest common factor of 61 and 292?
1
Calculate the greatest common factor of 39054 and 460158.
1698
What is the greatest common factor of 674 and 600871?
337
Calculate the greatest common factor of 1233 and 1058599.
137
Calculate the highest common factor of 24 and 297264.
24
Calculate the highest common divisor of 2394235 and 721.
103
Calculate the highest common factor of 34 and 1144202.
34
What is the greatest common divisor of 59 and 825056?
59
What is the greatest common divisor of 1100411 and 94?
47
What is the greatest common factor of 12650 and 55?
55
What is the highest common factor of 29700 and 1606?
22
Calculate the greatest common divisor of 87 and 403303.
29
Calculate the greatest common factor of 21960198 and 26.
26
What is the highest common factor of 86 and 2084?
2
Calculate the highest common divisor of 223427 and 1492.
373
Calculate the highest common factor of 21287 and 7.
7
What is the highest common divisor of 3408 and 78?
6
Calculate the highest common divisor of 23220 and 4.
4
Calculate the greatest common factor of 11662 and 230741.
833
Calculate the greatest common factor of 1200 and 4592.
16
Calculate the highest common divisor of 286 and 5269.
11
What is the highest common factor of 576420 and 78?
78
What is the highest common factor of 123 and 379947?
123
What is the highest common factor of 1330 and 680?
10
What is the highest common factor of 192 and 44832?
96
Calculate the greatest common factor of 257543 and 143.
143
What is the highest common factor of 298116 and 14924?
364
What is the greatest common divisor of 215326 and 46?
46
What is the greatest common factor of 1675 and 8911?
67
What is the greatest common divisor of 2755 and 380?
95
Calculate the greatest common divisor of 242100 and 8100.
900
Calculate the highest common divisor of 21547 and 5713.
29
What is the highest common divisor of 3724 and 1260?
28
What is the greatest common divisor of 4352 and 152?
8
Calculate the highest common factor of 504 and 675.
9
What is the highest common factor of 65 and 226369?
13
What is the highest common divisor of 8 and 4378328?
8
Calculate the highest common divisor of 10947 and 139.
1
What is the greatest common divisor of 42 and 9582?
6
What is the greatest common divisor of 175634 and 548?
274
Calculate the greatest common divisor of 60 and 34395.
15
Calculate the greatest common factor of 7816086 and 18.
18
What is the greatest common factor of 36 and 23928?
12
Calculate the highest common factor of 3 and 268269.
3
What is the greatest common factor of 304 and 932?
4
Calculate the greatest common factor of 375 and 48.
3
Calculate the highest common factor of 590860 and 10.
10
Calculate the highest common factor of 270 and 4040.
10
What is the highest common factor of 37284 and 1326?
78
Calculate the highest common factor of 1 and 47974.
1
Calculate the greatest common divisor of 13 and 1053104.
13
Calculate the highest common factor of 15290 and 385.
55
Calculate the greatest common divisor of 2979 and 72.
9
Calculate the highest common divisor of 577335 and 275.
55
What is the highest common divisor of 93 and 2666?
31
What is the highest common divisor of 456035 and 5575?
1115
What is the highest common factor of 150447 and 11?
11
What is the greatest common factor of 9089 and 149447?
149
What is the greatest common factor of 1235 and 110?
5
Calculate the highest common divisor of 2123 and 539.
11
Calculate the greatest common divisor of 1155 and 25575.
165
What is the greatest common divisor of 44 and 40898?
22
Calculate the greatest common divisor of 36808 and 108712.
856
Calculate the greatest common factor of 94004 and 10261.
331
Calculate the greatest common factor of 2432 and 123424.
608
Calculate the highest common divisor of 3064946 and 202.
202
Calculate the greatest common factor of 9117 and 18.
9
What is the highest common factor of 3795 and 6105?
165
What is the greatest common divisor of 7656 and 2712?
24
Calculate the highest common divisor of 1530 and 15750.
90
Calculate the greatest common factor of 396098 and 146.
146
Calculate the greatest common divisor of 36 and 102402.
18
What is the greatest common divisor of 23 and 20559631?
23
What is the greatest common factor of 872 and 120?
8
What is the highest common factor of 211 and 2315303?
211
What is the greatest common factor of 4 and 162740?
4
Calculate the highest common divisor of 48645 and 3384.
423
What is the highest common divisor of 1509594 and 21034?
1618
Calculate the greatest common factor of 3565 and 80.
5
Calculate the greatest common divisor of 2 and 24531.
1
What is the highest common divisor of 16640 and 195?
65
What is the greatest common divisor of 814 and 107976?
22
What is the highest common divisor of 224773 and 106?
53
What is the highest common divisor of 342636 and 504?
84
Calculate the highest common factor of 4044 and 222.
6
What is the greatest common divisor of 684664 and 16?
8
What is the greatest common divisor of 7037 and 4991?
31
Calculate the greatest common factor of 154431 and 1467.
9
Calculate the highest common factor of 114 and 37164.
114
Calculate the greatest common divisor of 30600 and 250.
50
Calculate the highest common factor of 149168 and 128.
16
What is the highest common factor of 52577 and 147784?
1421
What is the greatest common divisor of 48 and 96936?
24
What is the greatest common factor of 610 and 40?
10
What is the highest common divisor of 108 and 50517?
27
What is the highest common factor of 4820 and 1460?
20
Calculate the greatest common divisor of 1461 and 1020.
3
Calculate the greatest common factor of 954 and 1484.
106
Calculate the greatest common factor of 603 and 27546849.
603
What is the greatest common factor of 6066 and 396?
18
What is the highest common divisor of 104 and 192673?
13
What is the greatest common divisor of 20209 and 28?
7
Calculate the highest common factor of 418 and 628254.
418
What is the highest common divisor of 28907 and 114573?
211
What is the greatest common divisor of 214755 and 29355?
1545
Calculate the highest common factor of 104 and 265486.
26
What is the highest common divisor of 84405 and 49215?
255
Calculate the highest common divisor of 176 and 1148560.
16
What is the highest common factor of 195 and 75?
15
Calculate the greatest common factor of 8653 and 17.
17
What is the greatest common divisor of 188133 and 33?
33
Calculate the greatest 